{"id":4,"date":"2013-05-15T07:14:28","date_gmt":"2013-05-15T07:14:28","guid":{"rendered":"http:\/\/buchundeinband.de\/atelier\/?page_id=4"},"modified":"2017-01-26T14:18:55","modified_gmt":"2017-01-26T14:18:55","slug":"werkstatt","status":"publish","type":"page","link":"http:\/\/buchundeinband.de\/atelier\/","title":{"rendered":"Willkommen"},"content":{"rendered":"<p>&nbsp;<\/p>\n<figure id=\"attachment_393\" aria-describedby=\"caption-attachment-393\" style=\"width: 177px\" class=\"wp-caption alignleft\"><a href=\"http:\/\/buchundeinband.de\/atelier\/inhalt\/uploads\/IMG_0035.jpg\"><img decoding=\"async\" loading=\"lazy\" class=\"wp-image-393      \" alt=\"IMG_0035\" src=\"http:\/\/buchundeinband.de\/atelier\/inhalt\/uploads\/IMG_0035-600x400.jpg\" width=\"177\" height=\"118\" srcset=\"http:\/\/buchundeinband.de\/atelier\/inhalt\/uploads\/IMG_0035-600x400.jpg 600w, http:\/\/buchundeinband.de\/atelier\/inhalt\/uploads\/IMG_0035-90x59.jpg 90w, http:\/\/buchundeinband.de\/atelier\/inhalt\/uploads\/IMG_0035-1024x682.jpg 1024w\" sizes=\"(max-width: 177px) 100vw, 177px\" \/><\/a><figcaption id=\"caption-attachment-393\" class=\"wp-caption-text\">QUEEN\u00b4S 90TH ANNIVERSARY PEN<\/figcaption><\/figure>\n<p>&nbsp;<\/p>\n<figure id=\"attachment_389\" aria-describedby=\"caption-attachment-389\" style=\"width: 156px\" class=\"wp-caption alignright\"><a href=\"http:\/\/buchundeinband.de\/atelier\/inhalt\/uploads\/Parker_0147.jpg\"><img decoding=\"async\" loading=\"lazy\" class=\"wp-image-389 \" alt=\"Parker_0147\" src=\"http:\/\/buchundeinband.de\/atelier\/inhalt\/uploads\/Parker_0147-600x416.jpg\" width=\"156\" height=\"108\" srcset=\"http:\/\/buchundeinband.de\/atelier\/inhalt\/uploads\/Parker_0147-600x416.jpg 600w, http:\/\/buchundeinband.de\/atelier\/inhalt\/uploads\/Parker_0147-90x62.jpg 90w, http:\/\/buchundeinband.de\/atelier\/inhalt\/uploads\/Parker_0147-1024x710.jpg 1024w\" sizes=\"(max-width: 156px) 100vw, 156px\" \/><\/a><figcaption id=\"caption-attachment-389\" class=\"wp-caption-text\">QUEEN\u00b4S 90TH ANNIVERSARY PEN<\/figcaption><\/figure>\n<p style=\"text-align: center;\">\u00a0\u00a0<strong><span style=\"text-transform: uppercase; color: #9c0c2c; letter-spacing: 0.1em;\">Atelier f\u00fcr Buch- und Einbandgestaltung<\/span><\/strong><\/p>\n<p>Ich bin Buchbindermeisterin und Inhaberin des 1993 von mir gegr\u00fcndeten Ateliers.<\/p>\n<p>In meinem Meisterbetrieb liegt mir besonders an handwerklich hochwertigen und individuell gestalteten Arbeiten.<\/p>\n<p>Alles wird in reiner Handarbeit gefertigt. Meine Kunden k\u00f6nnen sich bei mir stets auf ausf\u00fchrliche Beratung und kreative Umsetzung ihrer W\u00fcnsche verlassen.<\/p>\n<p>Ob hochwertige Papeteriewaren, Geschenkideen f\u00fcr besondere Anl\u00e4sse, G\u00e4steb\u00fccher, handgebundene Hochzeitseinladungen, Men\u00fckarten, Schmuckschatullen oder speziell entworfene Pr\u00e4sentations-Objekte \u2013 die M\u00f6glichkeiten sind vielf\u00e4ltig und die Gestaltungsm\u00f6glichkeiten nahezu unersch\u00f6pflich.\u00a0Lassen Sie sich bei einer Durchsicht dieser Seiten anregen und verschaffen Sie sich einen Einblick in meine Arbeitsweise, Gestaltung und M\u00f6glichkeiten. In der Rubrik Fotos A-Z finden Sie einen kleinen Teil der von mir angefertigten Arbeiten. F\u00fcr Ihre Anfrage stehe ich jederzeit zur Verf\u00fcgung.<\/p>\n<figure id=\"attachment_408\" aria-describedby=\"caption-attachment-408\" style=\"width: 151px\" class=\"wp-caption alignnone\"><a href=\"http:\/\/buchundeinband.de\/atelier\/inhalt\/uploads\/IMG_1391-Kopie.jpg\"><img decoding=\"async\" loading=\"lazy\" class=\" wp-image-408\" alt=\"IMG_1391 Kopie\" src=\"http:\/\/buchundeinband.de\/atelier\/inhalt\/uploads\/IMG_1391-Kopie-600x448.jpg\" width=\"151\" height=\"113\" srcset=\"http:\/\/buchundeinband.de\/atelier\/inhalt\/uploads\/IMG_1391-Kopie-600x448.jpg 600w, http:\/\/buchundeinband.de\/atelier\/inhalt\/uploads\/IMG_1391-Kopie-90x67.jpg 90w, http:\/\/buchundeinband.de\/atelier\/inhalt\/uploads\/IMG_1391-Kopie-1024x764.jpg 1024w\" sizes=\"(max-width: 151px) 100vw, 151px\" \/><\/a><figcaption id=\"caption-attachment-408\" class=\"wp-caption-text\">Buch mit Pr\u00e4gung-Schuber<\/figcaption><\/figure>\n<figure id=\"attachment_390\" aria-describedby=\"caption-attachment-390\" style=\"width: 130px\" class=\"wp-caption alignnone\"><a href=\"http:\/\/buchundeinband.de\/atelier\/inhalt\/uploads\/P1060636.jpg\"><img decoding=\"async\" loading=\"lazy\" class=\" wp-image-390   \" alt=\"P1060636\" src=\"http:\/\/buchundeinband.de\/atelier\/inhalt\/uploads\/P1060636-600x450.jpg\" width=\"130\" height=\"97\" srcset=\"http:\/\/buchundeinband.de\/atelier\/inhalt\/uploads\/P1060636-600x450.jpg 600w, http:\/\/buchundeinband.de\/atelier\/inhalt\/uploads\/P1060636-90x67.jpg 90w, http:\/\/buchundeinband.de\/atelier\/inhalt\/uploads\/P1060636-1024x768.jpg 1024w\" sizes=\"(max-width: 130px) 100vw, 130px\" \/><\/a><figcaption id=\"caption-attachment-390\" class=\"wp-caption-text\">Pr\u00e4sentationsbox<\/figcaption><\/figure>\n<figure id=\"attachment_409\" aria-describedby=\"caption-attachment-409\" style=\"width: 133px\" class=\"wp-caption alignnone\"><a href=\"http:\/\/buchundeinband.de\/atelier\/inhalt\/uploads\/IMG_7953-Kopie.jpg\"><img decoding=\"async\" loading=\"lazy\" class=\"wp-image-409 \" alt=\"IMG_7953 Kopie\" src=\"http:\/\/buchundeinband.de\/atelier\/inhalt\/uploads\/IMG_7953-Kopie-461x450.jpg\" width=\"133\" height=\"131\" srcset=\"http:\/\/buchundeinband.de\/atelier\/inhalt\/uploads\/IMG_7953-Kopie-461x450.jpg 461w, http:\/\/buchundeinband.de\/atelier\/inhalt\/uploads\/IMG_7953-Kopie-1024x998.jpg 1024w\" sizes=\"(max-width: 133px) 100vw, 133px\" \/><\/a><figcaption id=\"caption-attachment-409\" class=\"wp-caption-text\">Buch mit Pr\u00e4gung-Schuber<\/figcaption><\/figure>\n<p>&nbsp;<\/p>\n<p>&nbsp;<\/p>\n<p>&nbsp;<\/p>\n<p class=\"COPY\"><img decoding=\"async\" loading=\"lazy\" alt=\"\" src=\"http:\/\/buchundeinband.de\/images\/pics\/blank_5p.gif\" width=\"20\" height=\"20\" \/><\/p>\n","protected":false},"excerpt":{"rendered":"<p>&nbsp; &nbsp; \u00a0\u00a0Atelier f\u00fcr Buch- und Einbandgestaltung Ich bin Buchbindermeisterin und Inhaberin des 1993 von mir gegr\u00fcndeten Ateliers. In meinem Meisterbetrieb liegt mir besonders an handwerklich hochwertigen und individuell gestalteten Arbeiten. Alles wird in reiner Handarbeit gefertigt. Meine Kunden k\u00f6nnen sich bei mir stets auf ausf\u00fchrliche Beratung und kreative Umsetzung ihrer W\u00fcnsche verlassen. Ob hochwertige [&hellip;]<\/p>\n","protected":false},"author":2,"featured_media":0,"parent":0,"menu_order":0,"comment_status":"closed","ping_status":"open","template":"","meta":[],"_links":{"self":[{"href":"http:\/\/buchundeinband.de\/atelier\/wp-json\/wp\/v2\/pages\/4"}],"collection":[{"href":"http:\/\/buchundeinband.de\/atelier\/wp-json\/wp\/v2\/pages"}],"about":[{"href":"http:\/\/buchundeinband.de\/atelier\/wp-json\/wp\/v2\/types\/page"}],"author":[{"embeddable":true,"href":"http:\/\/buchundeinband.de\/atelier\/wp-json\/wp\/v2\/users\/2"}],"replies":[{"embeddable":true,"href":"http:\/\/buchundeinband.de\/atelier\/wp-json\/wp\/v2\/comments?post=4"}],"version-history":[{"count":3,"href":"http:\/\/buchundeinband.de\/atelier\/wp-json\/wp\/v2\/pages\/4\/revisions"}],"predecessor-version":[{"id":417,"href":"http:\/\/buchundeinband.de\/atelier\/wp-json\/wp\/v2\/pages\/4\/revisions\/417"}],"wp:attachment":[{"href":"http:\/\/buchundeinband.de\/atelier\/wp-json\/wp\/v2\/media?parent=4"}],"curies":[{"name":"wp","href":"https:\/\/api.w.org\/{rel}","templated":true}]}}

<p>&nbsp;</p>
<figure id="attachment_393" aria-describedby="caption-attachment-393" style="width: 177px" class="wp-caption alignleft"><a href="http://buchundeinband.de/atelier/inhalt/uploads/IMG_0035.jpg"><img decoding="async" loading="lazy" class="wp-image-393      " alt="IMG_0035" src="http://buchundeinband.de/atelier/inhalt/uploads/IMG_0035-600x400.jpg" width="177" height="118" srcset="http://buchundeinband.de/atelier/inhalt/uploads/IMG_0035-600x400.jpg 600w, http://buchundeinband.de/atelier/inhalt/uploads/IMG_0035-90x59.jpg 90w, http://buchundeinband.de/atelier/inhalt/uploads/IMG_0035-1024x682.jpg 1024w" sizes="(max-width: 177px) 100vw, 177px" /></a><figcaption id="caption-attachment-393" class="wp-caption-text">QUEEN´S 90TH ANNIVERSARY PEN</figcaption></figure>
<p>&nbsp;</p>
<figure id="attachment_389" aria-describedby="caption-attachment-389" style="width: 156px" class="wp-caption alignright"><a href="http://buchundeinband.de/atelier/inhalt/uploads/Parker_0147.jpg"><img decoding="async" loading="lazy" class="wp-image-389 " alt="Parker_0147" src="http://buchundeinband.de/atelier/inhalt/uploads/Parker_0147-600x416.jpg" width="156" height="108" srcset="http://buchundeinband.de/atelier/inhalt/uploads/Parker_0147-600x416.jpg 600w, http://buchundeinband.de/atelier/inhalt/uploads/Parker_0147-90x62.jpg 90w, http://buchundeinband.de/atelier/inhalt/uploads/Parker_0147-1024x710.jpg 1024w" sizes="(max-width: 156px) 100vw, 156px" /></a><figcaption id="caption-attachment-389" class="wp-caption-text">QUEEN´S 90TH ANNIVERSARY PEN</figcaption></figure>
<p style="text-align: center;">  <strong><span style="text-transform: uppercase; color: #9c0c2c; letter-spacing: 0.1em;">Atelier für Buch- und Einbandgestaltung</span></strong></p>
<p>Ich bin Buchbindermeisterin und Inhaberin des 1993 von mir gegründeten Ateliers.</p>
<p>In meinem Meisterbetrieb liegt mir besonders an handwerklich hochwertigen und individuell gestalteten Arbeiten.</p>
<p>Alles wird in reiner Handarbeit gefertigt. Meine Kunden können sich bei mir stets auf ausführliche Beratung und kreative Umsetzung ihrer Wünsche verlassen.</p>
<p>Ob hochwertige Papeteriewaren, Geschenkideen für besondere Anlässe, Gästebücher, handgebundene Hochzeitseinladungen, Menükarten, Schmuckschatullen oder speziell entworfene Präsentations-Objekte – die Möglichkeiten sind vielfältig und die Gestaltungsmöglichkeiten nahezu unerschöpflich. Lassen Sie sich bei einer Durchsicht dieser Seiten anregen und verschaffen Sie sich einen Einblick in meine Arbeitsweise, Gestaltung und Möglichkeiten. In der Rubrik Fotos A-Z finden Sie einen kleinen Teil der von mir angefertigten Arbeiten. Für Ihre Anfrage stehe ich jederzeit zur Verfügung.</p>
<figure id="attachment_408" aria-describedby="caption-attachment-408" style="width: 151px" class="wp-caption alignnone"><a href="http://buchundeinband.de/atelier/inhalt/uploads/IMG_1391-Kopie.jpg"><img decoding="async" loading="lazy" class=" wp-image-408" alt="IMG_1391 Kopie" src="http://buchundeinband.de/atelier/inhalt/uploads/IMG_1391-Kopie-600x448.jpg" width="151" height="113" srcset="http://buchundeinband.de/atelier/inhalt/uploads/IMG_1391-Kopie-600x448.jpg 600w, http://buchundeinband.de/atelier/inhalt/uploads/IMG_1391-Kopie-90x67.jpg 90w, http://buchundeinband.de/atelier/inhalt/uploads/IMG_1391-Kopie-1024x764.jpg 1024w" sizes="(max-width: 151px) 100vw, 151px" /></a><figcaption id="caption-attachment-408" class="wp-caption-text">Buch mit Prägung-Schuber</figcaption></figure>
<figure id="attachment_390" aria-describedby="caption-attachment-390" style="width: 130px" class="wp-caption alignnone"><a href="http://buchundeinband.de/atelier/inhalt/uploads/P1060636.jpg"><img decoding="async" loading="lazy" class=" wp-image-390   " alt="P1060636" src="http://buchundeinband.de/atelier/inhalt/uploads/P1060636-600x450.jpg" width="130" height="97" srcset="http://buchundeinband.de/atelier/inhalt/uploads/P1060636-600x450.jpg 600w, http://buchundeinband.de/atelier/inhalt/uploads/P1060636-90x67.jpg 90w, http://buchundeinband.de/atelier/inhalt/uploads/P1060636-1024x768.jpg 1024w" sizes="(max-width: 130px) 100vw, 130px" /></a><figcaption id="caption-attachment-390" class="wp-caption-text">Präsentationsbox</figcaption></figure>
<figure id="attachment_409" aria-describedby="caption-attachment-409" style="width: 133px" class="wp-caption alignnone"><a href="http://buchundeinband.de/atelier/inhalt/uploads/IMG_7953-Kopie.jpg"><img decoding="async" loading="lazy" class="wp-image-409 " alt="IMG_7953 Kopie" src="http://buchundeinband.de/atelier/inhalt/uploads/IMG_7953-Kopie-461x450.jpg" width="133" height="131" srcset="http://buchundeinband.de/atelier/inhalt/uploads/IMG_7953-Kopie-461x450.jpg 461w, http://buchundeinband.de/atelier/inhalt/uploads/IMG_7953-Kopie-1024x998.jpg 1024w" sizes="(max-width: 133px) 100vw, 133px" /></a><figcaption id="caption-attachment-409" class="wp-caption-text">Buch mit Prägung-Schuber</figcaption></figure>
<p>&nbsp;</p>
<p>&nbsp;</p>
<p>&nbsp;</p>
<p class="COPY"><img decoding="async" loading="lazy" alt="" src="http://buchundeinband.de/images/pics/blank_5p.gif" width="20" height="20" /></p>

<p>&nbsp; &nbsp;   Atelier für Buch- und Einbandgestaltung Ich bin Buchbindermeisterin und Inhaberin des 1993 von mir gegründeten Ateliers. In meinem Meisterbetrieb liegt mir besonders an handwerklich hochwertigen und individuell gestalteten Arbeiten. Alles wird in reiner Handarbeit gefertigt. Meine Kunden können sich bei mir stets auf ausführliche Beratung und kreative Umsetzung ihrer Wünsche verlassen. Ob hochwertige [&hellip;]</p>
