{"id":10,"date":"2013-05-15T07:20:00","date_gmt":"2013-05-15T07:20:00","guid":{"rendered":"http:\/\/buchundeinband.de\/atelier\/?page_id=10"},"modified":"2013-07-05T20:29:14","modified_gmt":"2013-07-05T20:29:14","slug":"beratung","status":"publish","type":"page","link":"http:\/\/buchundeinband.de\/atelier\/beratung\/","title":{"rendered":"Beratung"},"content":{"rendered":"<p>Ob Einzelst\u00fccke oder Kleinauflagen \u2013 mit langj\u00e4hriger Erfahrung und Kompetenz berate ich Sie ausf\u00fchrlich zu Ihrem Anliegen.<\/p>\n<p>Mein Angebot\u00a0 reicht vom Bindeservice f\u00fcr Zeitschriften-Jahrg\u00e4nge \u00fcber exquisite Papeteriekollektionen und Hochzeitsb\u00fccher bis zur Entwicklung und Ausf\u00fchrung anspruchsvoller und aufw\u00e4ndiger Sonderaufgaben.<\/p>\n<p>Stilsichere und hochwertige Gestaltung ist bei mir selbstverst\u00e4ndlich. Material, Farbe und Verarbeitung werden dabei individuell auf jeden Kundenwunsch abgestimmt. Bei Firmenauftr\u00e4gen wird die Corporate Identity mit ber\u00fccksichtigt.<\/p>\n<p>Eine gro\u00dfe Auswahl unterschiedlichster Materialien steht im Atelier zur Verf\u00fcgung oder kann aus meiner umfangreichen Mustersammlung ausgew\u00e4hlt werden. In jeden Fall geh\u00f6rt die fachkundige Beratung zu den verschiedenen M\u00f6glichkeiten an Ausstattungs- und Verarbeitungstechniken zu meinem Service.<\/p>\n<p>Rufen Sie uns an unter 089 &#8211; 123 23 53 oder senden Sie mir eine <a href=\"&#x6d;&#97;&#105;&#x6c;&#x74;&#111;&#58;&#x69;&#x6e;&#102;&#111;&#x40;&#x62;&#117;&#99;&#x68;&#x75;&#110;&#100;&#x65;&#x69;&#110;&#98;&#x61;&#x6e;&#100;&#46;&#x64;&#x65;\">E-mail<\/a>.<\/p>\n<p>Ich freue mich auf Ihre Anfrage!<\/p>\n","protected":false},"excerpt":{"rendered":"<p>Ob Einzelst\u00fccke oder Kleinauflagen \u2013 mit langj\u00e4hriger Erfahrung und Kompetenz berate ich Sie ausf\u00fchrlich zu Ihrem Anliegen. Mein Angebot\u00a0 reicht vom Bindeservice f\u00fcr Zeitschriften-Jahrg\u00e4nge \u00fcber exquisite Papeteriekollektionen und Hochzeitsb\u00fccher bis zur Entwicklung und Ausf\u00fchrung anspruchsvoller und aufw\u00e4ndiger Sonderaufgaben. Stilsichere und hochwertige Gestaltung ist bei mir selbstverst\u00e4ndlich. Material, Farbe und Verarbeitung werden dabei individuell auf jeden [&hellip;]<\/p>\n","protected":false},"author":2,"featured_media":0,"parent":0,"menu_order":0,"comment_status":"closed","ping_status":"open","template":"","meta":[],"_links":{"self":[{"href":"http:\/\/buchundeinband.de\/atelier\/wp-json\/wp\/v2\/pages\/10"}],"collection":[{"href":"http:\/\/buchundeinband.de\/atelier\/wp-json\/wp\/v2\/pages"}],"about":[{"href":"http:\/\/buchundeinband.de\/atelier\/wp-json\/wp\/v2\/types\/page"}],"author":[{"embeddable":true,"href":"http:\/\/buchundeinband.de\/atelier\/wp-json\/wp\/v2\/users\/2"}],"replies":[{"embeddable":true,"href":"http:\/\/buchundeinband.de\/atelier\/wp-json\/wp\/v2\/comments?post=10"}],"version-history":[{"count":2,"href":"http:\/\/buchundeinband.de\/atelier\/wp-json\/wp\/v2\/pages\/10\/revisions"}],"predecessor-version":[{"id":299,"href":"http:\/\/buchundeinband.de\/atelier\/wp-json\/wp\/v2\/pages\/10\/revisions\/299"}],"wp:attachment":[{"href":"http:\/\/buchundeinband.de\/atelier\/wp-json\/wp\/v2\/media?parent=10"}],"curies":[{"name":"wp","href":"https:\/\/api.w.org\/{rel}","templated":true}]}}